{"version":"1.0","provider_name":"Eurosocial","provider_url":"https:\/\/eurosocial.eu\/en\/","author_name":"Enrique WP","author_url":"https:\/\/eurosocial.eu\/en\/author\/enrique\/","title":"Cohesi\u00f3n social para no dejar a nadie atr\u00e1s","type":"rich","width":600,"height":338,"html":"<blockquote class=\"wp-embedded-content\" data-secret=\"xWWWG26FZP\"><a href=\"https:\/\/eurosocial.eu\/en\/bitacora\/editorial\/\">Social Cohesion to Leave No One Behind<\/a><\/blockquote><iframe sandbox=\"allow-scripts\" security=\"restricted\" src=\"https:\/\/eurosocial.eu\/en\/bitacora\/editorial\/embed\/#?secret=xWWWG26FZP\" width=\"600\" height=\"338\" title=\"&#8220;Social Cohesion to Leave No One Behind&#8221; &#8212; Eurosocial\" data-secret=\"xWWWG26FZP\" frameborder=\"0\" marginwidth=\"0\" marginheight=\"0\" scrolling=\"no\" class=\"wp-embedded-content\"><\/iframe><script type=\"text\/javascript\">\n\/* <![CDATA[ *\/\n\/*! This file is auto-generated *\/\n!function(d,l){\"use strict\";l.querySelector&&d.addEventListener&&\"undefined\"!=typeof URL&&(d.wp=d.wp||{},d.wp.receiveEmbedMessage||(d.wp.receiveEmbedMessage=function(e){var t=e.data;if((t||t.secret||t.message||t.value)&&!\/[^a-zA-Z0-9]\/.test(t.secret)){for(var s,r,n,a=l.querySelectorAll('iframe[data-secret=\"'+t.secret+'\"]'),o=l.querySelectorAll('blockquote[data-secret=\"'+t.secret+'\"]'),c=new RegExp(\"^https?:$\",\"i\"),i=0;i<o.length;i++)o[i].style.display=\"none\";for(i=0;i<a.length;i++)s=a[i],e.source===s.contentWindow&&(s.removeAttribute(\"style\"),\"height\"===t.message?(1e3<(r=parseInt(t.value,10))?r=1e3:~~r<200&&(r=200),s.height=r):\"link\"===t.message&&(r=new URL(s.getAttribute(\"src\")),n=new URL(t.value),c.test(n.protocol))&&n.host===r.host&&l.activeElement===s&&(d.top.location.href=t.value))}},d.addEventListener(\"message\",d.wp.receiveEmbedMessage,!1),l.addEventListener(\"DOMContentLoaded\",function(){for(var e,t,s=l.querySelectorAll(\"iframe.wp-embedded-content\"),r=0;r<s.length;r++)(t=(e=s[r]).getAttribute(\"data-secret\"))||(t=Math.random().toString(36).substring(2,12),e.src+=\"#?secret=\"+t,e.setAttribute(\"data-secret\",t)),e.contentWindow.postMessage({message:\"ready\",secret:t},\"*\")},!1)))}(window,document);\n\/* ]]> *\/\n<\/script>\n","thumbnail_url":"https:\/\/eurosocial.eu\/wp-content\/uploads\/2020\/11\/Santiago-Sito_Buenos-Aires-22-marzo-2020_800px-e1611049010487.jpg","thumbnail_width":720,"thumbnail_height":480,"description":"La crisis sanitaria de la Covid-19 ha generado tanto en la Uni\u00f3n Europea como en Am\u00e9rica Latina un aumento de las desigualdades. En Am\u00e9rica Latina se habla ya de una nueva d\u00e9cada perdida. El proceso de reconstrucci\u00f3n post-Covid debe pues ser inclusivo, apostando por tanto por fortalecimiento de la resiliencia y la cohesi\u00f3n social. Las grandes agendas transformadoras (verde y digital) deben asegurar una transici\u00f3n justa, sin que nadie se quede atr\u00e1s. La cohesi\u00f3n social, piedra angular del proceso de construcci\u00f3n europea y uno de los valores europeos por excelencia que han conformado nuestro estado social, democr\u00e1tico y de derecho, est\u00e1 llamada a ocupar un espacio central en la fase de recuperaci\u00f3n y en la cooperaci\u00f3n UE-LAC de los pr\u00f3ximos a\u00f1os."}

Cohesión social para no dejar a nadie atrás

La crisis sanitaria de la Covid-19 ha generado tanto en la Unión Europea como en América Latina un aumento de las desigualdades. En América Latina se habla ya de una nueva década perdida. El proceso de reconstrucción post-Covid debe pues ser inclusivo, apostando por tanto por fortalecimiento de la resiliencia y la cohesión social. Las grandes agendas transformadoras (verde y digital) deben asegurar una transición justa, sin que nadie se quede atrás. La cohesión social, piedra angular del proceso de construcción europea y uno de los valores europeos por excelencia que han conformado nuestro estado social, democrático y de derecho, está llamada a ocupar un espacio central en la fase de recuperación y en la cooperación UE-LAC de los próximos años.
